-77.
-109
Calculate 1 + 32 - (-71 + -172 + 395).
-119
What is 40 + 31 - 15 - (25 - (6 - 3))?
34
What is -24 + 25 + (40 - 20) + -7?
14
Evaluate -1 + -8 + 1 + -32 + 28 + 42.
30
-4 - (-1 + 1) - (8896 - 8899)
-1
What is the value of -86 - 2 - (164 - 303)?
51
Evaluate 54 + -84 - (-13 - -3) - (-1 + 86).
-105
What is (-2 - (-21 - 2)) + 67 + -105 - -29?
12
What is (-1 - 158) + (-7095 - -7199)?
-55
What is 45 + -7 + -24 - -46?
60
What is (-2 - (0 - 0)) + (-3 + -5 - (-28 + 3))?
15
Evaluate -17 + 49 - -7 - -7.
46
Calculate (-2 - (-43 - (-18 - 6))) + -22.
-5
What is the value of 14 + 9 + (-14 + 41 - 19)?
31
104 + 3 + (-89 + 100 - 58)
60
Calculate 109 + (92 + -134 - 87).
-20
-57 - 2 - (801 - 806)
-54
What is the value of 48 - 1 - (7328 - 7236)?
-45
Calculate -13 + (-6 - 6) + -43 + 52 + 80.
64
Evaluate (-30 - (-13 + 5)) + 20 + -17.
-19
Calculate 16 + -12 + (-11 - 6) - ((2 - -66) + 0).
-81
What is -102 + (-31 - (-22 - -21) - -54)?
-78
What is the value of 30 - (-1 + (-42 - -35)) - (-13 - 1)?
52
Calculate (57 - -4) + 26 + -36 + -8 + -13.
30
97 - 108 - (-24 - (-9 - -12))
16
What is the value of 15 - (1 + (10 - 5)) - 7 - -8 - -36?
46
What is (-57 - 0) + (-39 - -3 - (49 + (-38 - 35)))?
-69
(3162 - 3160) + -28 + 0
-26
Calculate -1 - -20 - (-27 + 121 + -106).
31
Calculate 1 - -4 - -78 - (-5 + 1) - (-830 + 843).
74
What is the value of -32 + (8 + -18 - 6) - (-11 - 1)?
-36
2 + -3 + -10 - (-26 - -30) - (-32 + -8)
25
Calculate 6 + -33 - ((-2 + (5 - 1) - -7) + -14).
-22
0 + 0 + 7 + 13 + 27 + -28
19
What is the value of 39 + 46 + -16 - (6 - -15)?
48
What is -25 + 12 - (-2 - (33 - 8))?
14
What is the value of -21 + (-22 - (0 + -50 + 12)) + (0 - -91)?
86
Calculate (5 - (-33 + 40)) + (1 - (3 + 0)) - 30.
-34
What is the value of -102 - -62 - (-96 - -1) - (3 + 10)?
42
(16 + 22 - 119) + 54
-27
Calculate 155 - 165 - (-22 - ((6 - 2) + 0)).
16
What is the value of (-2 - -5) + -141 - (1432 - 1471)?
-99
13 + (-28 - -11) + -14 - 22
-40
Calculate 71 - (-68 + 89 + -22).
72
Calculate (-1 - -10) + 1625 + -1627.
7
Evaluate 21 + -14 + (52 - 35).
24
What is 314 - 321 - (0 + -1 + -27)?
21
Calculate 29 - (12 + (-2 - 6) + -10).
35
Evaluate -12 - ((-4 - 96 - -3 - -6) + 7).
72
Evaluate -7 + -24 - (1084 + -1040).
-75
What is 25 + -45 + 6 + 2 - 14?
-26
Evaluate (3 - 4) + 2 + 40 + -11.
30
Evaluate (-17 - -3) + 434 + -380.
40
0 - 24 - (-31 + 16 - 11)
2
(2 - 1) + -2 + (-7 - -35) + -49
-22
-67 - (-182 - (152 + -172))
95
Calculate -20 + -4 - -46 - (10 + (-10 - (-8 + 3))).
17
(1 - 13) + -29217 + 29104
-125
-43 - (-164 + 198 + (-4 - 4))
-69
Calculate -16 + -3 + (23 + 24 - -4).
32
34 - ((-7 + 9 - (21 + -21)) + 1 + 5)
26
Calculate -4 - -9 - (18 + 9) - (-56 + -5).
39
What is 115 + -19 + -240 + 201?
57
Calculate 18 + -25 + 0 + 14 + -62.
-55
(-33 - -18) + 11 + (5 - 4) + -3 + 77
71
-1 - (180 + (-224 - -48) - (0 + 20 + 1))
16
Evaluate 18 + (-15 - (-11 + -21 + 16)) + -10.
9
What is the value of (-19 - (12 + 14 + -57 + -9)) + -126?
-105
Calculate -15 + (43 - (37 - (-40 + 60))).
11
-23 + 50 + -12 - -22
37
(-7 - 5) + (103 - 51) + -55
-15
Calculate 12 - 0 - (-5 + 3 + -2 + 8 - 6).
14
What is the value of -294 + 181 + 56 + 9?
-48
Evaluate 97 - 219 - (-190 - 17).
85
What is -5 + -17 + 4 + 0 + 117?
99
Calculate -2 + 4 - (-188 + 117 - -55).
18
Evaluate -28 - (107 + -125 - (-2 - (4 - 1))).
-15
What is the value of -34 + 5 + (-29 - -22 - 10)?
-46
What is (-3 - (-13 - 1) - (-7 - -12)) + -41?
-35
Calculate 14 - (-21 - (-94 + 7 - -4)).
-48
-998 + 1002 - (-2 + 1)
5
Calculate -3 - -10 - -7 - ((3 - 7) + 62).
-44
What is the value of -18 - (-18 + 30 - 58)?
28
What is the value of (-31 - 7) + (-7 - -11 - 17) - -3?
-48
Evaluate -742 + 757 - (-5 + -13).
33
What is the value of 26 - (-8 + (13 - -8 - -5)) - (-47 - 0)?
55
What is the value of -25 - (-28 - -7) - (-1 - -3) - (14 + -41)?
21
Evaluate 0 + 21 + (740 - 712).
49
Calculate 4 + (0 - 13) + 32 + (6 - -3).
32
What is -4 - (-14 + -29 + 88)?
-49
Calculate 2 + 5 + (11 + -15 - -1) + 65.
69
Evaluate (-36 - -15) + 25 - (-4 - -6 - 6).
8
What is the value of 3 + -43 - (634 + -664)?
-10
(-321 - -311) + (-31 - -1) + (9 - (-2 + 4))
-33
-34 + (-36 - (10 - 30)) + 4
-46
18 + -17 + -4 + 2 + (3 - -3)
5
Calculate -7 + -15 + -5 + 15 + 10.
-2
Calculate -35 - (-15 + 28) - ((2 - 8) + -2).
-40
What is the value of 0 + 29 - (-45 - -63) - (2 - -41)?
-32
What is 1 - (54 + 1 + -17 + 4)?
-41
-7 - (39 - 23) - -26 - 53
-50
-1 + 1 - (386 + -432)
46
What is the value of -2 + 40 + -33 + 55?
60
What is the value of -3 + -35 - (16 + -114 + -27)?
87
Calculate 95 + (-30 - 8 - -1).
58
What is the value of 38 - 10 - (27 - 34)?
35
What is the value of -67 - (-7 - (-46 + 97))?
-9
What is 6 + 65 + (-8 - 21)?
42
-25 + (-40 + 23 - -128)
86
Calculate -103 - -181 - (34 - 36).
80
-19 - (24 - 19) - -15 - -67
58
-89 - (-44 - 32) - -27
14
What is -36 - (-9 + (-4 - (5 + (-16 - -7))))?
-27
What is the value of 60 + -2 - (5 - 43 - (-21 - 3))?
72
What is 17 + (-5 + (-8 - 12) - -9) - 7?
-6
(-16 - -29) + (-9 - 12 - -8)
0
-17 - (19 + -84 + 25) - 82
-59
What is the value of -8 - ((1 - 2) + 39 + -88)?
42
What is -4 - (14 + -54) - -27 - (-1 + 0 - -10)?
54
What is -7 - (-185 + 116 - -24)?
38
Evaluate 55 + (-20 + -5 - -13 - 0).
43
What is the value of 8 + (-1 - (2 - 12)) + -30 + -35?
-48
Calculate (0 - ((-14 + 6 - (4 - 17)) + 81)) + -5.
-91
What is -789 - -746 - (15 + -5)?
-53
-5 + (5 - -6) - (-21 + 31) - -2
-2
Calculate (7 - -23) + -7 + 10 + -9 + (10 - -7).
41
What is the value of 182 + (-42 - (104 + -78))?
114
Calculate -10 + (-8 - -3) + 6 - (-4 - (3 + -7)).
-9
What is the value of ((-27 - 36) + 84 - (23 - 1)) + -82 + 0?
-83
Calculate 46 + -33 + 10 - 15 - 23.
-15
Evaluate 63 + 2 + -94 + 3.
-26
What is -1055 - -1127 - (1 - -28)?
43
What is (598 - 641) + 22 + 0 + -7?
-28
Evaluate -53 + (0 - (14 - ((-8 - (-9 - 5)) + 0))).
-61
Evaluate -159 + 208 - (11 + -7 - -17).
28
What is -11 + 23 + -30 - (-55 - -2)?
35
Calculate -1135 + 1167 - (-1 + -3 + 17).
19
Evaluate (17 - (2 + -2) - (172 + -151)) + 9 + 2.
7
Evaluate 6 + 20 - 0 - (32 - 25 - -7).
12
Evaluate (32 - (-16 + 56) - -22) + 10.
24
Calculate (1 - 47) + 9 - (11 + -14 + 4).
-38
What is 53 - (58 + (-58 - -27))?
26
What is the value of 9 + -123 + 15 + -8 + 2 + -10 + -9?
-124
What is the value of (39 - 18) + -27 + 12 + 39?
45
Calculate -97 - (-4 - (-21 - (-19 + -21))).
-74
What is -1 + -3 + (10 - 4 - 14) - -13?
1
What is (-43 - 22) + (10 - -11)?
-44
63 + (-74 - -111) + -83
17
-13 - (-4 + 33 + -21) - -20 - (-1 - 21)
21
Evaluate 39 - 23 - 47 - -22.
-9
What is 2 - (0 + (-3 - -2)) - (-17 - (-10 - 9))?
1
Evaluate (5 - -40 - (-11 - -68)) + (152 - 0).
140
Calculate -13 + (1 - 16 - (-80 - 1)).
53
What is (-65 - (0 - -5)) + (7 - 2 - 14) + 5?
-74
What is -57 + 98 + (13 - (29 + -18))?
43
18 + 3 + (0 - -3) + -4
20
-9582 + 9540 + -1 + 98
55
Evaluate -7 + (6 - (16 + 13 - 11)).
-19
Calculate -21 + 0 + 29 - (-42 + 44 - (-29 + 0)).
-23
What is -1 + (0 - 21) - (8 - -57 - (-54 + 108))?
-33
-31 + (4 - -27) + (4 - (7 - 5)) + 86
88
Calculate (16 + -2 - (-7 + (6 - -3))) + 9 + -127.
-106
Evaluate -149 + 175 + (-43 - 80).
-97
Calculate 13 + -27 + (-18 + 23 - 12).
-21
Calculate 2 + (8 - 1 - (-855 - -894)).
-30
(-10 - (-5 - (3 + -4))) + 1322 + -1247
69
Evaluate -15 - (-20 + 47 + -69).
27
Calculate (-6 - (1 - (-1 - -3)) - -3) + -59 + 57.
-4
Evaluate -13 + (-47 - -106) + 65.
111
What is the value of 101 + (27 - (77 + -15) - -14)?
80
-6 - (-12 - ((-7 - (0 - 7)) + 4))
10
Evaluate (-69 - -35) + (-5 - (11 + -11)).
-39
Evaluate 18 + (-4 - (23 + -10)) + (-2 - -24 - 3).
20
Evaluate -53 + 6 + 8 + -1122 + 1015.
-146
What is -21 + 39 + 42 + -62?
-2
Evaluate (34 - -1) + 0 + (-2 - 23) + (377 - 359).
28
Evaluate 4 + (15 - (-20 + 76) - -16).
-21
What is the value of 20 + -52 - (-10 + -47 - 44)?
69
What is the value of -19 + (2 - 3 - -20) - (0 - -5)?
-5
Evaluate (-46 + 26 - -48) + -2 + (1 - -72).
99
What is the value of (-25 - (-27 + -22)) + -51 - (0 - (3 - 3))?
-27
What is 100 + -76 - (17 - 76 - -13)?
70
17 - (25 + -58 + 39)
11
What is -279 - (-102 - -28) - -101?
-104
What is the value of (26 - 20) + -7 + (-17 + 3 - -32)?
17
Calculate ((-1 - 1) + -56 - -1) + (7 + -28 - -28).
-50
Calculate 30 - 77 - -53 - 28.
-22
Calculate 43 + 1 + -2 - ((86 - (-56 + 213)) + 75).
38
Evaluate -29 + 117 + -48 - 57.
-17
Calculate 22 + -2 + -2 + (146 - 45